hundreds digit of g(-9)?
1
Suppose 0 = -5*i - 4*m + 879, 5*m = 3*m - 8. What is the units digit of i?
9
Let i(p) = 32*p - 7. What is the hundreds digit of i(4)?
1
Let w = 10 + -16. What is the tens digit of ((-22)/w)/(3/9)?
1
Let r = 9 - 18. What is the units digit of (1 - -2)*(-12)/r?
4
Suppose -5*r - 122 = -7*r. What is the units digit of r?
1
Suppose -3*p = -3*r - 0*r - 60, 0 = -2*p + 4*r + 40. Let s be 30/4*24/p. Let g = s + -3. What is the units digit of g?
6
Let g = -47 + 85. What is the tens digit of g?
3
Suppose 3*a - 63 = 51. Suppose -2*v = -2*w - 6 - a, -v + 2*w + 21 = 0. What is the units digit of v?
3
Let x be 5 - (3 - 1 - 1). Suppose 20 = 4*r + 5*i, -4 = x*r - i - 0. Suppose 5*t + 4*u - 45 = r, 2*t = 2*u - u + 31. What is the tens digit of t?
1
Let g(p) = -82*p - 24. What is the units digit of g(-3)?
2
Let t be 10/25 + 16/10. Let j(r) = 8*r**2 - r. What is the tens digit of j(t)?
3
Let b(s) = -s**2 + 1 - 2 + 0 - 3 - 7*s. Let r be b(-6). Suppose -r*t = 3*t - 5. What is the units digit of t?
1
Let m = -180 + 125. What is the units digit of 10/m - 200/(-11)?
8
Let a(o) be the second derivative of o**6/360 + o**5/10 + o**4/2 - o**3/3 - o. Let p(s) be the second derivative of a(s). What is the units digit of p(-11)?
1
What is the units digit of (-49)/(-4) + (-3)/12?
2
Let q be 153/(-6)*(-4)/6. Suppose 3*s + q - 65 = 0. What is the tens digit of s?
1
Let o(f) = f - 2. Let d be o(5). Suppose -d*r + 2*p + 1 = 5, 0 = 5*r + 4*p - 30. What is the units digit of r?
2
Suppose -21 = -k - 3*r, 5*k + 40 - 125 = -5*r. Let j = -9 + k. What is the units digit of (-2)/j - (-20)/6?
3
Let w(f) = 2*f**2 - 2*f - 4. Suppose -2*h - h = -45. Suppose k = -4, -4*l + 3*k + h = -9. What is the units digit of w(l)?
8
What is the tens digit of -3 + (1 - 2)*-137?
3
Suppose -3*h - 40 = 2*h. What is the tens digit of (-178)/h - (-9)/12?
2
Let y be -5*7/((-105)/(-18)). Let h be y/(-3*3/6). What is the units digit of 25/h - 2/8?
6
Let h = 380 + -644. What is the units digit of h/(-45) - 10/(-75)?
6
Let h = -5 - -10. Suppose -31 = -h*w + 4*f + 78, -2*w = -3*f - 45. What is the units digit of w?
1
Let q(j) = 6*j - 8. Let k be q(9). Suppose -5*l + 0*l = 0, 2*n + k = -3*l. Let p = 38 + n. What is the units digit of p?
5
Let i(c) = -5*c + c**2 + 1 + 9*c - 7. Let q(f) = -f**3 - 7*f**2 + 8*f - 6. Let b be q(-8). What is the units digit of i(b)?
6
What is the units digit of 2*(-1)/(-6)*15?
5
Suppose 2*m = -5*x + 117 + 1, -4*x + 2*m + 80 = 0. Let t = x + -5. What is the units digit of t?
7
Let f = -2 + 4. Suppose f*z - 18 = 6. What is the units digit of (-4)/(-4)*z/2?
6
Let c(o) = -o**3 - 12*o**2 - 12*o - 7. Let k be c(-11). Suppose 0*q - k*q = -88. What is the units digit of q?
2
Suppose 6*u + 4*u - 2530 = 0. What is the units digit of u?
3
Let u(n) = n**3 - 16*n**2 + 16*n - 11. Let q be u(15). Suppose -4*r - 14 = -2*f + 34, -q*f + 5*r = -96. What is the tens digit of f?
2
Let b be ((-1)/2)/(1/(-8)). Suppose -47 = -4*m - 3*s, 5*s + 52 = b*m + 13. What is the units digit of m?
1
Let g(d) = -d - 4. Let y be (2/(-4))/(1/(-10)). Let w be g(y). Let n = -1 - w. What is the units digit of n?
8
Let b be 1 + (2 - 1/(-1)). Suppose -2*x + 8 = 2*x + b*n, 2*n - 1 = -x. What is the units digit of x?
3
Let u(d) = -d**2 + 11*d - 14. What is the tens digit of u(6)?
1
Let m(w) be the second derivative of w**3/3 - 4*w**2 - w. Let x be m(6). Suppose -2*i = -x*i + 12. What is the units digit of i?
6
Let k(s) = -66*s - 51. What is the tens digit of k(-6)?
4
Let o be 0/(2 + -3 + 0). Suppose o = v + 4*n - 14, 8*v - 3*n = 3*v + 47. What is the units digit of v?
0
Let w = 7 + -7. What is the units digit of (w + -1)*-17 - 3?
4
Let n = 10 + -7. Let w = n - -2. What is the units digit of w?
5
Suppose -6 = 3*d + 4*g + 6, 8 = -2*d - 5*g. Let h be (10/(-6))/(d/12). Suppose 1 = -a - 4*c, 0*c + 18 = h*a - 3*c. What is the units digit of a?
3
Let l(x) = -19*x - 1. What is the tens digit of l(-5)?
9
Suppose -3*h - 6*x = -x - 179, -249 = -5*h + 4*x. What is the tens digit of h?
5
Let a(k) = k**3 + 5*k**2 - 7*k - 7. Let i be a(-6). What is the units digit of (14/(-4))/(i/4)?
4
Suppose w + 2*w = 0. Suppose 2*f + 3*b - 33 = w, -f - 4*b - b = -27. What is the tens digit of f?
1
Let l = -5 + 8. Suppose -3*y - l = 42. Let u = 34 + y. What is the units digit of u?
9
Let a be (-4 - -1*2) + 6. Suppose 8 = 4*k - a. What is the units digit of 13 + (k - 2)/(-1)?
2
Suppose 3*k + 5*w = 2*w + 36, 0 = -2*k - 3*w + 24. Suppose -k = -t - t. What is the units digit of t?
6
Let o = -14 - -32. What is the tens digit of o?
1
Let f be (-2)/7 + 23/7. Suppose 0 = -f*w + 15 + 21. What is the units digit of w?
2
What is the tens digit of (162/15)/(8/20)?
2
Suppose -r + 7 = -1. Let o(s) = 7*s**3 - 15*s**2 + 4*s - 8. Let v(u) = u**3 - u**2 - u. Let t(c) = o(c) - 6*v(c). What is the units digit of t(r)?
8
Suppose 5*i - m - 6 = 0, 2*m - 7 = i - 1. Let g = i - 2. Suppose 4*y - 2*h + h - 15 = g, y - 3 = h. What is the units digit of y?
4
Let o be (1 + 3)*(-1)/(-2). Suppose 5*w = 42 - o. Suppose 0 = w*y - 4*y - 20. What is the units digit of y?
5
Let d = 27 + 9. What is the tens digit of d?
3
Let g be 260/8 + (-1)/2. Let h = g + -22. What is the units digit of h?
0
Suppose -3 = -3*m - 3*g, 2*m - 1 = -0*m - g. Suppose -2*v + q + 49 = 0, q + 0 + 1 = m. Suppose h - 4*h + v = 0. What is the units digit of h?
8
Let z(h) = -13*h**3 - 2*h - 1. Let x be 2*(-1)/(-2) + -2. Let b be z(x). Let i = -7 + b. What is the units digit of i?
7
Let p(g) be the third derivative of g**6/120 + g**4/24 - g**3/6 - 4*g**2. What is the units digit of p(1)?
1
Suppose -5*l - 1242 = -4*h, -2*h = -5*h + 2*l + 928. What is the tens digit of (-4)/10 + h/20?
1
Let v = 29 + -5. Suppose -4*m + v = -2*m. What is the units digit of 1/4 + 69/m?
6
Let v(y) = 6*y - 46. Let g(a) = 5*a + 25. Let c(k) = 3*k + 13. Let o(u) = -7*c(u) + 4*g(u). Let m(q) = -16*o(q) - 3*v(q). What is the units digit of m(-4)?
2
Let b = 56 + -30. What is the units digit of b?
6
Suppose -5 = -5*z + 20. Suppose 0 = -z*i - 2*a + 24, i - a = 3*i - 9. What is the units digit of i?
6
Suppose 0 = -21*g + 1416 + 768. What is the hundreds digit of g?
1
What is the tens digit of (10/2)/5*53?
5
Let f = 35 + -65. Let v be f*(-4)/(-10)*-1. Suppose 5*w = w + v. What is the units digit of w?
3
Suppose 4*b - 3*b - 4 = 0. Let p = 6 + b. Let s = p + -4. What is the units digit of s?
6
What is the tens digit of 20 + (1/1)/1?
2
Let g(x) = -2*x**2 + 2*x. Let t be g(3). Let j = -8 - t. Suppose 3 = 4*z - 9, 2*z = -j*p + 26. What is the units digit of p?
5
Let r = -32 + 59. Let j = r - -1. What is the units digit of j?
8
Suppose -2 = 2*p, -4*v + 782 = -2*p + 268. What is the tens digit of v?
2
Let p(l) be the second derivative of -11/2*l**2 + 3/4*l**4 + 0 - 2*l + 1/20*l**5 - 1/3*l**3. What is the units digit of p(-9)?
7
What is the tens digit of (230/6)/(7/21)?
1
Let z(k) = -k**2 - 2*k**2 + 4*k + 4*k**2. Let x be z(-4). Suppose -l - 1 + 11 = x. What is the tens digit of l?
1
Suppose -4*q - 4*t = -204 - 264, 0 = 5*q - 2*t - 571. What is the hundreds digit of q?
1
Suppose -2*o = 2*o + 48. Let m = 6 - o. Let l = -13 + m. What is the units digit of l?
5
Let m(l) = l**3 - 9*l**2 + 8*l - 6. Let c be m(8). Let b(d) = 2*d**2 + 9*d + 4. What is the units digit of b(c)?
2
Suppose 2 = 4*u - 10. Suppose 16 = -u*o - h + 70, 72 = 4*o + h. What is the units digit of o?
8
Let s(k) be the second derivative of -k**5/20 + 7*k**4/12 - 2*k**3/3 + 4*k**2 + 3*k. What is the tens digit of s(6)?
2
Let t = -9 + 5. Let b(c) = -c**2 - 5*c - 1. What is the units digit of b(t)?
3
Let r(i) = i**3 - 5*i**2 - i + 2. Let u be r(6). Suppose 4*o - u - 208 = 0. Suppose 0*z = -5*z + o. What is the units digit of z?
2
Let m = 1 - -4. Suppose -m*n = -5 - 5. What is the units digit of n?
2
Suppose -6*g + 1075 = -g. What is the tens digit of g?
1
Let h(i) = -i**2 + 9*i - 6. What is the units digit of h(7)?
8
Let s(n) = -n**3 - n**2 - n + 6. What is the units digit of s(0)?
6
Let b(z) = z**3 + 5*z**2 + 2*z + 7. Let v be b(-5). Let c(q) = q + 2. Let j(s) = 2. Let p(f) = -5*c(f) + 4*j(f). What is the tens digit of p(v)?
1
Suppose 73 = 3*o + 2*d + 2*d, 0 = -2*o - 3*d + 49. Suppose -2*k - 3*r + 5 + 11 = 0, 4*k = r + 18. Suppose k*a - o - 17 = 0. What is the units digit of a?
